{"id":41,"date":"2025-07-21T00:17:19","date_gmt":"2025-07-20T22:17:19","guid":{"rendered":"https:\/\/cocktail-event.fr\/?page_id=41"},"modified":"2025-11-14T12:32:27","modified_gmt":"2025-11-14T11:32:27","slug":"ateliers-cocktails","status":"publish","type":"page","link":"https:\/\/cocktail-event.fr\/index.php\/ateliers-cocktails\/","title":{"rendered":"Ateliers Cocktails"},"content":{"rendered":"\n<div class=\"wp-block-group alignfull is-layout-flow wp-container-core-group-is-layout-f9cb6abc wp-block-group-is-layout-flow\" style=\"margin-top:0;margin-bottom:0\">\n<div class=\"wp-block-columns alignfull is-not-stacked-on-mobile is-layout-flex wp-container-core-columns-is-layout-e154fb6a wp-block-columns-is-layout-flex\" style=\"margin-top:0;margin-bottom:0;padding-top:var(--wp--preset--spacing--40);padding-right:var(--wp--preset--spacing--40);padding-bottom:var(--wp--preset--spacing--80);padding-left:var(--wp--preset--spacing--40)\">\n<div class=\"wp-block-column is-layout-flow wp-block-column-is-layout-flow\" style=\"flex-basis:66.66%\">\n<div class=\"wp-block-group is-vertical is-content-justification-stretch is-layout-flex wp-container-core-group-is-layout-7e003bba wp-block-group-is-layout-flex\">\n<h2 class=\"wp-block-heading has-xx-large-font-size\">\u201cUn barman doit \u00eatre \u00e0 la fois artiste, chimiste et gentleman\u201d<\/h2>\n\n\n\n<p class=\"has-x-large-font-size\">Jerry Thomas, p\u00e8re de la mixologie<\/p>\n\n\n\n<div style=\"height:0px\" aria-hidden=\"true\" class=\"wp-block-spacer wp-container-content-36c51660\"><\/div>\n<\/div>\n<\/div>\n\n\n\n<div class=\"wp-block-column is-layout-flow wp-block-column-is-layout-flow\" style=\"flex-basis:12vw\"><\/div>\n\n\n\n<div class=\"wp-block-column is-layout-flow wp-block-column-is-layout-flow\">\n<div class=\"wp-block-group is-content-justification-right is-nowrap is-layout-flex wp-container-core-group-is-layout-17124a9a wp-block-group-is-layout-flex\">\n<p class=\"has-text-align-left\" style=\"line-height:0.6;text-transform:uppercase;writing-mode:vertical-rl\">Free Workshop<\/p>\n<\/div>\n<\/div>\n<\/div>\n\n\n\n<div class=\"wp-block-columns alignfull is-style-section-2 is-layout-flex wp-container-core-columns-is-layout-d9884270 wp-block-columns-is-layout-flex is-style-section-2--1\" style=\"padding-top:0;padding-bottom:0\">\n<div class=\"wp-block-column is-layout-flow wp-block-column-is-layout-flow\" style=\"flex-basis:50%\">\n<div class=\"wp-block-group is-vertical is-content-justification-stretch is-layout-flex wp-container-core-group-is-layout-098fff0a wp-block-group-is-layout-flex\" style=\"min-height:33vh;padding-top:var(--wp--preset--spacing--50);padding-right:var(--wp--preset--spacing--50);padding-bottom:var(--wp--preset--spacing--50);padding-left:var(--wp--preset--spacing--50)\">\n<p class=\"has-large-font-size\">Vivez une exp\u00e9rience ludique et conviviale en apprenant \u00e0 r\u00e9aliser vos propres cocktails !<\/p>\n\n\n\n<p class=\"has-large-font-size\">Nos ateliers mixologie s\u2019adaptent \u00e0 toutes les occasions :<\/p>\n\n\n\n<p class=\"has-large-font-size\"><br>\ud83c\udf78 EVJF\/EVG \u2013 Une activit\u00e9 originale et fun pour surprendre le futur mari\u00e9 ou la future mari\u00e9e.<br>\ud83c\udf78 Team Building &amp; entreprises \u2013 Renforcez la coh\u00e9sion de votre \u00e9quipe autour d\u2019un atelier cr\u00e9atif et gourmand.<\/p>\n\n\n\n<p class=\"has-large-font-size\">\ud83c\udf78 BARS &#8211; Une mani\u00e8re ludique de former votre \u00e9quipe tout en renfor\u00e7ant sa coh\u00e9sion<\/p>\n\n\n\n<p class=\"has-large-font-size\">Vous apprendrez les techniques de barman professionnel, les secrets des accords de saveurs et repartirez avec des recettes \u00e0 refaire chez vous. Un moment d\u2019\u00e9change parfait pour les amateurs comme pour les curieux.<\/p>\n\n\n\n<h2 class=\"wp-block-heading has-xx-large-font-size\">Devis<\/h2>\n<\/div>\n<\/div>\n\n\n\n<div class=\"wp-block-column is-layout-flow wp-block-column-is-layout-flow\" style=\"flex-basis:50%\">\n<div class=\"wp-block-cover is-light has-custom-content-position is-position-top-right\" style=\"min-height:1167px;aspect-ratio:unset;\"><img loading=\"lazy\" decoding=\"async\" width=\"1024\" height=\"1820\" class=\"wp-block-cover__image-background wp-image-87 size-full\" alt=\"\" src=\"https:\/\/cocktail-event.fr\/wp-content\/uploads\/2025\/11\/CHARLY-jerry-thomas-e1763119859114.jpg\" data-object-fit=\"cover\"\/><span aria-hidden=\"true\" class=\"wp-block-cover__background has-background-dim-0 has-background-dim\" style=\"background-color:#9a968e\"><\/span><div class=\"wp-block-cover__inner-container is-layout-flow wp-block-cover-is-layout-flow\">\n<div style=\"height:var(--wp--preset--spacing--20)\" aria-hidden=\"true\" class=\"wp-block-spacer\"><\/div>\n<\/div><\/div>\n<\/div>\n<\/div>\n<\/div>\n","protected":false},"excerpt":{"rendered":"<p>\u201cUn barman doit \u00eatre \u00e0 la fois artiste, chimiste et gentleman\u201d Jerry Thomas, p\u00e8re de la mixologie Free Workshop Vivez une exp\u00e9rience ludique et conviviale en apprenant \u00e0 r\u00e9aliser vos propres cocktails ! Nos ateliers mixologie s\u2019adaptent \u00e0 toutes les occasions : \ud83c\udf78 EVJF\/EVG \u2013 Une activit\u00e9 originale et fun pour surprendre le futur mari\u00e9 [&hellip;]<\/p>\n","protected":false},"author":1,"featured_media":0,"parent":0,"menu_order":0,"comment_status":"closed","ping_status":"closed","template":"","meta":{"footnotes":""},"class_list":["post-41","page","type-page","status-publish","hentry"],"_links":{"self":[{"href":"https:\/\/cocktail-event.fr\/index.php\/wp-json\/wp\/v2\/pages\/41","targetHints":{"allow":["GET"]}}],"collection":[{"href":"https:\/\/cocktail-event.fr\/index.php\/wp-json\/wp\/v2\/pages"}],"about":[{"href":"https:\/\/cocktail-event.fr\/index.php\/wp-json\/wp\/v2\/types\/page"}],"author":[{"embeddable":true,"href":"https:\/\/cocktail-event.fr\/index.php\/wp-json\/wp\/v2\/users\/1"}],"replies":[{"embeddable":true,"href":"https:\/\/cocktail-event.fr\/index.php\/wp-json\/wp\/v2\/comments?post=41"}],"version-history":[{"count":4,"href":"https:\/\/cocktail-event.fr\/index.php\/wp-json\/wp\/v2\/pages\/41\/revisions"}],"predecessor-version":[{"id":89,"href":"https:\/\/cocktail-event.fr\/index.php\/wp-json\/wp\/v2\/pages\/41\/revisions\/89"}],"wp:attachment":[{"href":"https:\/\/cocktail-event.fr\/index.php\/wp-json\/wp\/v2\/media?parent=41"}],"curies":[{"name":"wp","href":"https:\/\/api.w.org\/{rel}","templated":true}]}}